?
4
What is the ten thousands digit of 34497599?
9
What is the ten millions digit of 525864671?
2
What is the tens digit of 134006020?
2
What is the units digit of 6331885258?
8
What is the tens digit of 22547049?
4
What is the tens digit of 18220555?
5
What is the units digit of 168711977?
7
What is the millions digit of 177913257?
7
What is the ten millions digit of 187151369?
8
What is the tens digit of 2141905647?
4
What is the thousands digit of 473153393?
3
What is the hundred thousands digit of 5124653283?
6
What is the hundreds digit of 4052160130?
1
What is the ten thousands digit of 3204411?
0
What is the tens digit of 81084734?
3
What is the ten millions digit of 127818038?
2
What is the hundred thousands digit of 4337137284?
1
What is the units digit of 228662877?
7
What is the ten millions digit of 105342848?
0
What is the tens digit of 461485099?
9
What is the millions digit of 219431148?
9
What is the millions digit of 766394957?
6
What is the ten millions digit of 1694719124?
9
What is the hundreds digit of 5960162?
1
What is the hundreds digit of 30657898?
8
What is the ten millions digit of 58117692?
5
What is the ten thousands digit of 19965899?
6
What is the ten thousands digit of 6863985?
6
What is the millions digit of 194176844?
4
What is the hundreds digit of 440686731?
7
What is the ten thousands digit of 838988749?
8
What is the hundreds digit of 4158934485?
4
What is the hundred thousands digit of 138734094?
7
What is the ten thousands digit of 4394845?
9
What is the hundreds digit of 559284133?
1
What is the thousands digit of 53857414?
7
What is the hundreds digit of 3493241125?
1
What is the millions digit of 101483338?
1
What is the ten thousands digit of 5743425464?
2
What is the hundred thousands digit of 174390191?
3
What is the units digit of 61530958?
8
What is the tens digit of 522406757?
5
What is the tens digit of 21222981?
8
What is the millions digit of 46683599?
6
What is the ten thousands digit of 34544481?
4
What is the tens digit of 1321466523?
2
What is the units digit of 213043923?
3
What is the hundred millions digit of 1671369259?
6
What is the ten thousands digit of 171601960?
0
What is the ten millions digit of 264665249?
6
What is the ten millions digit of 55412506?
5
What is the thousands digit of 140026775?
6
What is the units digit of 1151766220?
0
What is the millions digit of 5031145710?
1
What is the hundred thousands digit of 91058920?
0
What is the ten thousands digit of 23512022?
1
What is the thousands digit of 325555109?
5
What is the hundreds digit of 248312010?
0
What is the tens digit of 53795500?
0
What is the ten millions digit of 39494240?
3
What is the hundreds digit of 971072891?
8
What is the thousands digit of 15911334?
1
What is the hundred thousands digit of 297125400?
1
What is the units digit of 4108023961?
1
What is the ten thousands digit of 5203006981?
0
What is the tens digit of 1496205923?
2
What is the hundred thousands digit of 1745561986?
5
What is the thousands digit of 651808168?
8
What is the hundred millions digit of 133562076?
1
What is the hundreds digit of 5182321084?
0
What is the hundred thousands digit of 234500305?
5
What is the thousands digit of 13986782?
6
What is the units digit of 70543089?
9
What is the ten millions digit of 160172478?
6
What is the hundreds digit of 4183358744?
7
What is the millions digit of 845270397?
5
What is the hundreds digit of 32686952?
9
What is the hundred millions digit of 1199784482?
1
What is the hundred thousands digit of 6594989?
5
What is the millions digit of 73798156?
3
What is the units digit of 271027395?
5
What is the ten millions digit of 2109398523?
0
What is the billions digit of 6248403472?
6
What is the thousands digit of 62788485?
8
What is the hundred thousands digit of 3247443512?
4
What is the millions digit of 217846365?
7
What is the thousands digit of 21911872?
1
What is the units digit of 20718763?
3
What is the hundreds digit of 220165041?
0
What is the thousands digit of 21120784?
0
What is the ten thousands digit of 135638579?
3
What is the hundred thousands digit of 5739783?
7
What is the hundred thousands digit of 110886596?
8
What is the thousands digit of 3825470?
5
What is the hundreds digit of 232150970?
9
What is the tens digit of 247790807?
0
What is the units digit of 13613069?
9
What is the units digit of 2239903948?
8
What is the millions digit of 1466536553?
6
What is the tens digit of 214111037?
3
What is the millions digit of 11394653?
1
What is the millions digit of 20535597?
0
What is the hundreds digit of 5181631?
6
What is the millions digit of 57635079?
7
What is the thousands digit of 78659367?
9
What is the thousands digit of 59950619?
0
What is the units digit of 70647888?
8
What is the hundred thousands digit of 79650392?
6
What is the units digit of 51234384?
4
What is the millions digit of 112524307?
2
What is the hundred thousands digit of 660453922?
4
What is the hundreds digit of 680566859?
8
What is the billions digit of 1527325203?
1
What is the hundred thousands digit of 178865267?
8
What is the ten millions digit of 21023250?
2
What is the hundred thousands digit of 50076975?
0
What is the ten thousands digit of 610075457?
7
What is the hundreds digit of 137010956?
9
What is the hundred millions digit of 410346930?
4
What is the hundreds digit of 52735879?
8
What is the millions digit of 27534377?
7
What is the hundred thousands digit of 1342867?
3
What is the thousands digit of 561975610?
5
What is the hundreds digit of 2962419143?
1
What is the millions digit of 876549913?
6
What is the tens digit of 166827355?
5
What is the billions digit of 3783550249?
3
What is the hundred millions digit of 139194079?
1
What is the thousands digit of 4958312?
8
What is the thousands digit of 130711810?
1
What is the ten thousands digit of 2086933694?
3
What is the tens digit of 1117613203?
0
What is the hundreds digit of 678437721?
7
What is the millions digit of 222618064?
2
What is the tens digit of 517884286?
8
What is the thousands digit of 1214928819?
8
What is the units digit of 308925174?
4
What is the ten millions digit of 88398971?
8
What is the ten millions digit of 71586947?
7
What is the hundreds digit of 168769998?
9
What is the hundred millions digit of 440084744?
4
What is the units digit of 79060486?
6
What is the thousands digit of 112701508?
1
What is the hundred thousands digit of 4182011?
1
What is the units digit of 559844985?
5
What is the thousands digit of 1088549915?
9
What is the millions digit of 4890277265?
0
What is the ten thousands digit of 2090053733?
5
What is the ten millions digit of 165312756?
6
What is the hundreds digit of 8350069?
0
What is the tens digit of 246945058?
5
What is the thousands digit of 2682554686?
4
What is the units digit of 3579646499?
9
What is the hundred millions digit of 191045409?
1
What is the tens digit of 20059376?
7
What is the millions digit of 244064747?
4
What is the ten thousands digit of 214886722?
8
What is the hundreds digit of 22613185?
1
What is the hundreds digit of 16556486?
4
What is the billions digit of 2027305668?
2
What is the hundred thousands digit of 106963338?
9
What is the hundreds digit of 41414973?
9
What is the tens digit of 111810492?
9
What is the tens digit of 53332934?
3
What is the millions digit of 117115413?
7
What is the units digit of 79326300?
0
What is the ten millions digit of 32016200?
3
What is the units digit of 528201301?
1
What is the thousands digit of 1581494106?
4
What is the thousands digit of 4047650752?
0
What is the hundred thousands digit of 3066284908?
2
What is the hundred millions digit of 343135427?
3
What is the hundreds digit of 2507373284?
2
What is the tens digit of 112969781?
8
What is the hundred millions digit of 4147948798?
1
What is the millions digit of 4294127794?
4
What is the ten millions digit of 802115429?
0
What is the billions digit of 1243106757?
1
What is the hundreds digit of 120704179?
1
What is the tens digit of 964311098?
9
What is the millions digit of 84627619?
4
What is the millions digit of 1229392706?
9
What is the ten millions digit of 180809890?
8
What is the hundreds digit of 564865751?
7
What is the ten thousands dig